d g.
8
Let p be (63/(-14) + 4*1)*-232. What is the greatest common divisor of p and 29?
29
Let a(f) = -f**2 + 12*f - 1. Let y be a(11). Let r = y - 3. Calculate the greatest common factor of r and 35.
7
Suppose -5*w + 8 = -2. Suppose 4*s - w*n = 26, -2*s + 6*s + 2*n - 38 = 0. What is the highest common factor of 40 and s?
8
Let q(u) = u + 7. Let o be q(4). Calculate the greatest common factor of 187 and o.
11
Let o = 15 + -5. Let n be o*5/((-10)/(-4)). Suppose 2*a = 30 + n. Calculate the greatest common divisor of a and 10.
5
Let l be (-4)/(-10)*(-5)/(-2). Let d be (-1)/l*-23 - 2. Let m be 1*4*(-14)/(-4). What is the greatest common divisor of m and d?
7
Let p(u) = u**3 - 7*u**2 + 7*u + 8. Let n be p(6). Calculate the highest common factor of n and 35.
7
Let d(i) = -2*i + 2*i**2 + 3*i + i**2 + i**3. Suppose -4*p - 3*z - 23 = -6, 3*z + 11 = -p. Let a be d(p). What is the greatest common factor of a and 14?
2
Suppose -2*s = -13 + 5. Suppose 5*z = s*z + 12. What is the greatest common factor of z and 12?
12
Let x = -27 + 31. Let s be (-2)/(-8) + 6/8. Let h be x/((4/6)/s). Calculate the highest common divisor of h and 42.
6
Let g be 2/2*-5*-1. Suppose -g*d = -7 - 38. Let q be -18*6/d*-1. Calculate the greatest common factor of q and 84.
12
Let i be 8/((-8)/(-21)) + 3. What is the highest common divisor of i and 96?
24
Suppose 2 = 2*v - g, 3*v - 4*g + 1 = -2*v. Suppose v*q - 4*a - 84 = -q, -a + 5 = 0. Calculate the greatest common factor of 39 and q.
13
Let s(q) = -q - 1. Let z be s(-3). Calculate the highest common divisor of z and 6.
2
Let g be (2/(-4))/((-1)/4). Calculate the highest common divisor of 16 and g.
2
Let u = 117 + 3. Suppose -q - x - x = -14, 4*q = 3*x + 1. Suppose -8 = q*r, 2*w + r - 32 = -4. What is the greatest common divisor of w and u?
15
Let w(i) = i - 2. Let s(a) = -a + 5. Let z(x) = 2*s(x) + 5*w(x). Let y = -34 + 39. Let l be z(y). Calculate the greatest common divisor of 3 and l.
3
Suppose 0 = -7*y + 190 + 209. What is the greatest common factor of 57 and y?
57
Let r be -14*6/(-21)*3. Let b be (-1)/(-2) - (-21)/(-6). Let d(q) = -q. Let k be d(b). What is the highest common divisor of r and k?
3
Let v(q) = q**2 - 7*q - 1. Let h be v(8). Calculate the greatest common factor of 7 and h.
7
Let t(o) = -o**3 + 11*o**2 - 9*o + 6. Let v be t(10). What is the highest common factor of 128 and v?
16
Suppose 6*l + 20 - 74 = 0. Calculate the highest common divisor of 9 and l.
9
Let d(y) = y + 1. Let b be d(-3). Let u be -6*(3/b - -1). Suppose -l + 108 = q, -q + 334 = u*l - 3*q. What is the greatest common divisor of 10 and l?
10
Suppose 0 = -4*w, -4*w - 72 = -2*p - 5*w. Calculate the highest common divisor of 216 and p.
36
Let w be 8 + -5 - (-1 + -2). Suppose 2*c + w = 102. Calculate the highest common factor of c and 12.
12
Let j(p) = -2*p**2 + 2*p - 2. Let l be j(5). Let u be ((-22)/(-4))/((-3)/l). What is the highest common factor of 11 and u?
11
Suppose -4*n - 3*w = -43, 3*n + 3*w - 13 = 23. Calculate the greatest common factor of 35 and n.
7
Let f be (4/(-3))/(2/(-24)). Let x be (-3)/2*(-80)/3. Calculate the greatest common factor of x and f.
8
Let m(n) = -n**3 - 4*n**2 + 8*n - 2. Let r be m(-6). Suppose k - 10 = -5*f - 0*k, 2*f + k = 4. Calculate the greatest common factor of r and f.
2
Let n be 54/15 - 4/(-10). Let a be (-1 - -3)*10/n. Calculate the greatest common divisor of a and 25.
5
Let u(d) = d**2 - 12*d. Let o be u(13). Calculate the highest common divisor of o and 26.
13
Let j(x) = -x**2 - 16*x + 12. Let a be j(-16). Let z(t) = 35*t**3 + 2*t**2 - t. Let y be z(1). Calculate the greatest common divisor of y and a.
12
Let h(t) = -2*t + 6. Let w be h(-4). What is the greatest common factor of w and 14?
14
Suppose 4*v - 356 = -5*p, -16 = -p + 4*v + 36. Let z = -3 + 1. Let k be -2 - 0 - (-21 - z). Calculate the greatest common factor of p and k.
17
Let p(o) = 3*o**2 - 6*o + 5. Let r(n) = -9*n**2 + 19*n - 16. Let h(g) = 7*p(g) + 2*r(g). Let q be h(2). Calculate the greatest common factor of 49 and q.
7
Let x = 59 - 86. Let u = 8 - x. Calculate the highest common factor of 5 and u.
5
Suppose 24 = z + 2*m, 0*z - 4*z - m = -61. Calculate the highest common divisor of z and 112.
14
Let s = 176 + -85. Calculate the greatest common factor of 13 and s.
13
Let d be 2/(-3) + 20/12. Let w(i) = 28*i**2. Let n be w(d). Let x(s) = 7*s**2 + s + 1. Let h be x(-1). What is the greatest common divisor of n and h?
7
Let o be (2*(-3 + 1))/(-2 - 0). What is the highest common divisor of 32 and o?
2
Let o be (1 - 0) + (2 - 1). What is the highest common factor of 18 and o?
2
Suppose 37 = x + 2*y, 2*x + 35 = 3*x + y. Calculate the highest common factor of x and 3.
3
Let h = 16 + -10. Let m be (12/(-10))/(h/(-45)). What is the greatest common divisor of m and 45?
9
Suppose 5*n = 57 + 8. Let g = 11 + n. What is the greatest common factor of g and 16?
8
Suppose 3 = -3*b, 5*b - 19 = -2*d + 6*b. What is the highest common divisor of 27 and d?
9
Let u be (-1 - 1)*(4 + -5). Suppose -2*t = 4*n - 36 - 94, t + 75 = u*n. Let o be (-13)/(-2) + (-1)/(-2). What is the greatest common factor of o and n?
7
Suppose i - 3 - 2 = 0. Suppose -i*b + 150 = -0*b. What is the highest common divisor of 20 and b?
10
Let j(b) = 1 + 8*b**2 + 1 + 0*b**2 + 0 - 2*b. Let q be j(2). Calculate the highest common divisor of 3 and q.
3
Suppose -3 = -3*i - 0. Suppose 2*b = 2*p - 3 - i, -3*p + 9 = 0. Let w = 3 + 5. Calculate the highest common divisor of w and b.
1
Let g(k) = 8*k**3 + k**2 + k - 1. Let l be g(1). Let r = l - -33. Let c = -12 + 18. What is the highest common factor of c and r?
6
Let v = -3 - 11. Let t be (-4)/v - (-94)/14. Let d be 6/21 + 152/t. Calculate the highest common divisor of d and 55.
11
Let i(s) = s + 9. Let g be i(-7). Let a be g/4*-2 + 3. Suppose 3*f - 485 = -2*f - a*t, 2*t = -10. What is the highest common factor of 9 and f?
9
Let d = 4 - -1. Suppose -2*l - 4*o = -48, l - 3*l + 50 = d*o. What is the highest common divisor of 50 and l?
10
Suppose -m = 2*v - 94, -3*v = -7*v + 20. What is the greatest common factor of 36 and m?
12
Let m be ((-3)/(-24)*12)/((-6)/(-736)). Calculate the highest common divisor of 23 and m.
23
Suppose -2*m - 3*g = g, 0 = 3*m + 3*g + 15. Let a = 18 - m. Calculate the highest common divisor of 14 and a.
14
Let f(u) = -2*u + 3*u - 3*u - 3*u**2 - 2*u**3 - u. Let l be f(-2). Calculate the highest common factor of l and 10.
10
Suppose -c + 12 = 3*c. Suppose 4 - 1 = c*j. Let m(z) = 15*z - 1. Let p be m(j). Calculate the highest common factor of 154 and p.
14
Let s = 8 - 20. Let u be 2/(-3) - 44/s. Suppose -63 = -k - 2*k. Calculate the highest common divisor of k and u.
3
Suppose 264 = -28*u + 34*u. Let k = 29 + -18. Calculate the greatest common divisor of k and u.
11
Suppose -2*u + 6*u - 28 = 0. Let j = 19 + -12. What is the greatest common factor of u and j?
7
Let y = 31 + -19. Let r be 1 + -2 + 0 - 4. Let l(s) = -6*s - 12. Let m be l(r). What is the highest common factor of m and y?
6
Suppose -8 + 6 = -u. Suppose -4*v = -16, -3*g + 32 = -u*g + 5*v. What is the highest common divisor of 36 and g?
12
Let o = -106 - -161. Suppose -a + 33 = 3*v - 4*a, -o = -5*v - 4*a. Calculate the highest common divisor of 121 and v.
11
Suppose 0 = -4*s + 12, 3*s = -3*l + l + 65. Let g(a) = -a**3 + 7*a**2 - 6*a. Let r be g(6). Let p = 7 - r. Calculate the highest common factor of l and p.
7
Let r = -40 - -56. What is the greatest common divisor of r and 112?
16
Let o(h) = -h + 2*h - h**2 + 0*h**2 + 3. Let j be o(0). Let m = j + 4. What is the highest common divisor of m and 21?
7
Let x(c) = 2*c**2 - 5*c - 2. Let d be x(-6). Calculate the greatest common divisor of 40 and d.
20
Suppose 2*j = 4*j. Suppose f - 17 = -j. Calculate the greatest common divisor of 153 and f.
17
Let f(p) = 3*p - 12. Let q be f(5). What is the greatest common divisor of q and 2?
1
Suppose -g + 6 + 11 = -4*d, 4*g - 4*d - 56 = 0. Let x(w) = -w**2 + w + 65. Let b be x(0). What is the highest common factor of b and g?
13
Let m be -3*19*(-11)/33. Calculate the highest common divisor of 57 and m.
19
Suppose 0 = 3*y - 21 - 27. Suppose -y = -3*v + 14. Suppose 0*t - 4*t + 8 = 0. Calculate the highest common factor of t and v.
2
Suppose -3*f = 0, -2*o = -6*o + 4*f. Suppose 3*u - 6*u + 63